e hundreds digit of j?
0
Let j = -47 - -50. Suppose 201 = l + 2*d, l - 2*d - 200 = -j*d. Let y = -102 + l. What is the units digit of y?
7
Suppose -15*p = -4*p + 22. Let y(w) = 97*w**2 - 23*w - 43. What is the tens digit of y(p)?
9
Let z be (95/(-200) + (-1)/8)*-5. Suppose -3*a - z*s = -1875, -2*a - 12*s + 1235 = -7*s. What is the hundreds digit of a?
6
Let s = -14 + 7. Let u be 0 + -3 + 4 - s. What is the units digit of (u/12)/(-3*4/(-558))?
1
Let d be ((-4)/16)/(249/84 - 3). What is the tens digit of 388 + 24/28*d?
9
Let i be (-18)/(-27) - 20/(-6). Suppose -2*a = -i*n + 14 - 2, 0 = n + 4*a + 6. Suppose 4*o + 13 = -2*c + 151, n*c = 3*o + 138. What is the tens digit of c?
6
Let c(o) = 376*o**2 - 3*o - 3. Let n be c(-1). Suppose -n = -4*r - 100. Let y = r + -61. What is the units digit of y?
8
Let s be (72/(-6))/(1*(1 - 0)). Let n be (20/s)/(((-1)/(-339))/(-1)). Suppose 6*f = f + n. What is the units digit of f?
3
Suppose -87 - 19 = 2*o - 2*w, -3*w + 208 = -4*o. Let r = -47 - o. Suppose -r*j = -58 - 44. What is the tens digit of j?
5
Let c = -2185 - -5271. What is the hundreds digit of c?
0
What is the units digit of -5 - -6790 - (21 + -8)?
2
Suppose -2*k + 1 = -2*q - 17, k = -5*q - 9. Suppose -9*w = k*w - 1005. What is the tens digit of w?
6
Let n be (0 - 1)/(4/(-2168)). Let l = 1788 - n. What is the thousands digit of l?
1
Suppose 0 = 5*c - 5*g - 22545, 0 = -5*c + 4*g + 16080 + 6467. What is the hundreds digit of c?
5
Suppose 0 = 5*r + 5*d - 30590, -27*r - 24460 = -31*r + 2*d. What is the hundreds digit of r?
1
Let m = 745 - 392. Let c = -153 + m. What is the hundreds digit of c?
2
Let l be ((-12)/(-30)*1)/(1/10). Suppose -2014 = -l*v - 3*m, m - 227 = -v + 276. What is the tens digit of v?
0
Suppose -60 = -3*m - 9*m. Suppose 23 - m = -s. What is the tens digit of (-3)/(-2)*(-636)/s?
5
What is the hundreds digit of (-11 + 28)/(-136) - -6*(-2438)/(-32)?
4
Let a(b) = 39*b + 1150*b**2 + 30 - 574*b**2 - 574*b**2. What is the units digit of a(18)?
0
Let v = 112 - 103. Suppose -6*h = -v*h + 4023. What is the units digit of h?
1
Suppose 114*l + 10 = 116*l. Suppose l*x + p - 5911 = 0, 6 + 4722 = 4*x + p. What is the tens digit of x?
8
Suppose 4 + 0 = 4*x + 4*v, 0 = 2*x + 5*v + 1. Suppose 0 = -g + 3, 4 = -x*j - 2*g + 16. What is the tens digit of (-45)/9 + 276/j?
8
Let u = 12058 + -8709. What is the hundreds digit of u?
3
Let t(x) = x**2 + 5*x - 2. Let y be t(-7). Suppose 36 = 4*i - 42*a + 46*a, 22 = 2*i + a. Let k = i + y. What is the tens digit of k?
2
Let n = 32 + -32. Suppose -105 = -3*y - n*y. Suppose 5*d - y = 80. What is the units digit of d?
3
Let k(x) = -x**3 - 5*x**2 - 4*x - 22. Let t be k(-5). What is the units digit of t - (-1 - (-3 + 226))?
2
Let w(b) = -10 + 9*b - 8*b - 7. Let l be w(18). What is the units digit of (-665)/(-28) + l/4?
4
Let g(c) = -270 + 400 - 30*c - 531. What is the tens digit of g(-33)?
8
Let h(x) = 287*x - 14. Let r = -241 - -247. What is the thousands digit of h(r)?
1
Let n be (-4)/(-14) - ((-200)/35 + 4). Suppose -n*b - 2*p + 424 = 0, 5*b - 4*p + 2*p = 1088. What is the hundreds digit of b?
2
Let l = -230 + 77. Let c = 27 - l. Let b = 261 - c. What is the units digit of b?
1
What is the thousands digit of ((1293/(-2) - 1) + 1)*3944/(-1479)?
1
Let r = -48 + 239. Suppose r = t - 6*i + i, 3*t + 5*i - 633 = 0. What is the units digit of t?
6
Let l(n) be the first derivative of n**4 + 4*n**3/3 - 3*n**2/2 - 4*n + 86. What is the hundreds digit of l(5)?
5
Let a be 0 - -72 - -1 - -5. Let d = 233 - a. Suppose -2*u + 170 = 5*t - d, -u + 2*t = -176. What is the tens digit of u?
7
Suppose -3*q + a + 5 = 2*a, a = -4. Let y = q - 7. What is the units digit of 2/y - (-338)/4?
4
Let x = -827 + 274. Let y = x + 870. What is the tens digit of y?
1
Suppose -89*f + 12*f = 13*f - 861570. What is the thousands digit of f?
9
What is the units digit of (-25)/15 - ((-147376)/24 - 10)?
9
Suppose -17124 = -2*s + w, 8*w - 10*w + 42819 = 5*s. What is the hundreds digit of s?
5
Let k(w) be the third derivative of 13*w**4/24 - 19*w**3/3 - 3*w**2. Let f be (2 + 4)/3*(-11 + 17). What is the units digit of k(f)?
8
Suppose 0 = 3*q + 3*n - 21468, -2*q + 140*n = 136*n - 14354. What is the tens digit of q?
6
Let r be (-16)/24 - (-1028)/(-6). Let m = 243 - r. What is the hundreds digit of m?
4
Suppose -v - 48 = 23*v. Let z(d) = -131*d**3 - 22*d**2 - 4. What is the hundreds digit of z(v)?
9
Let x(m) = 24*m**2 + 27*m - 165. Let w(z) = -z + 31. Let t be w(24). What is the thousands digit of x(t)?
1
Let c(h) = -2*h**3 - 59*h**2 + 28*h + 24. What is the tens digit of c(-34)?
7
Let z(c) = -17*c - 9*c + 24*c + 31. Let g be z(18). What is the tens digit of 25*(g + -8)*4/(-5)?
6
Suppose 5*q = 5*v + 80, -2*v - v - 62 = -4*q. Suppose -11*r - 675 = -26*r. Suppose -q*s + 19*s = r. What is the units digit of s?
9
Let c(m) = 4*m**3 + 4*m**2 - 14*m + 18. Let n be c(8). Suppose -832 = 6*g + n. Let s = -319 - g. What is the tens digit of s?
8
Let x(d) = -214*d**2 + 2*d - 1. Let s(j) = 427*j**2 - 3*j + 1. Let z(g) = -4*s(g) - 9*x(g). What is the hundreds digit of z(1)?
2
Let k(x) = 387*x**2 + 4*x + 5. What is the thousands digit of k(3)?
3
What is the ten thousands digit of (-87280)/(-8)*(-9 + 161/14)?
2
Let y(r) = -2*r**2 + 10*r + 33. Let x be y(17). Let u = -148 - x. What is the units digit of u?
7
Let m(p) = -2*p + 11. Let n be m(8). Let x be (-3 - (-17)/(-5)) + (-2)/n. Let f(r) = -3*r + 11. What is the tens digit of f(x)?
2
Suppose 0 = -113*r + 75*r + 2318. What is the units digit of r?
1
Let y(v) = -48*v + 4. Let l be y(-14). Suppose l*t - 673*t - 567 = 0. What is the hundreds digit of t?
1
Suppose 19*n - 51 - 44 = 0. Let s(a) = 12*a**2 - a + 14. What is the hundreds digit of s(n)?
3
Suppose 104196 + 114876 = 14*r. What is the tens digit of r?
4
Suppose -35*h - 124*h = 14*h + 74563. Suppose y + 1190 = -4*y. Let z = y - h. What is the hundreds digit of z?
1
Let x = -1231 - -1271. Let t(w) = 7*w + 1. Let i be t(1). Suppose -h = -4*p - x, -i = 6*p - 2*p. What is the tens digit of h?
3
Suppose -4*q + 367 = -4*o + 5*o, -4*q - 2*o + 370 = 0. Let g = q + 4. Let c = g + -46. What is the units digit of c?
9
Let z(f) = f**3 - 54*f**2 + 74*f + 102. What is the thousands digit of z(53)?
1
Let j(d) = 26*d**3 - d**2 + d + 3. Let a be (-3)/(-2) + 2/4. Suppose -16 = -5*g - 3*m, -a = 3*g - 4*m - 0. What is the hundreds digit of j(g)?
2
Let o(i) = -27*i + 46*i + 47*i + 20*i - 5. Let l be o(-1). What is the tens digit of 2104/14 - (-26)/l?
5
Let x(f) = -1443*f + 4275. What is the thousands digit of x(-23)?
7
What is the tens digit of -18084*(348/(-30) - -12)/(4/(-5))?
4
Let b = 2650 + -1322. Let u = b + -880. What is the units digit of u?
8
Suppose 4*d - 1905 - 11221 = -2*i, -4*i - 2*d + 26222 = 0. What is the tens digit of i?
5
Let i(b) = -75*b**2 + 33*b**2 + 1 + 41*b**2 + 3*b. Let o be i(3). What is the tens digit of 35 - (o - (4 - 0))?
3
Let i(d) = -d**2 + 1. Let p(w) = 3*w - 24. Let u(o) = 2*i(o) - p(o). What is the units digit of u(0)?
6
Suppose -2*t = -2*w + w - 40, 228 = -5*w + 3*t. Let q = w + 60. Suppose q = 3*r - 306. What is the units digit of r?
6
Suppose 4*l - 66625 - 9523 = 0. What is the ten thousands digit of l?
1
Let c = 371 + -369. Suppose 3*j + 2*l - 4698 = 0, 5*j - c*l + 0*l - 7830 = 0. What is the tens digit of j?
6
Suppose 5*g - 2069 = 2*b - 437, -g + 2*b = -328. What is the units digit of g?
6
Let u = 7068 + -5841. What is the tens digit of u?
2
Suppose -9*k + 2481 = -34338. Suppose -3*j - 1016 = -u, -k + 87 = -4*u - 3*j. What is the hundreds digit of u?
0
Let o be (1 + 2/(-4))*0. Suppose 10*k - 9*k - 209 = o. What is the tens digit of k?
0
Suppose 3*b - 11*c + 7*c - 30578 = 0, 2*b = -5*c + 20393. What is the units digit of b?
4
Let b(h) = -34*h - 154. Let s be b(-39). Let y = s - 669. What is the units digit of y?
3
Let k be 8/(64/(-1592))*(2 + -1). Let o = k - -473. What is the tens digit of o?
7
Let y be 7 + (-9 - -3) - 24/(-1). Suppose -5*q + 5 = -y. Suppose -q*b + 8*b = 338. What is the units digit of b?
9
Let k(i) = -22*i + 748. Let c be k(30). Suppose 2*u - b = -142, -2*b = 4*u + 199 + 101. Let y = c - u. What is the tens digit of y?
6
Let w = 2323 + 8154. What is the hundreds digit of w?
4
What is the thousands digit of (-60)/8*(4 - (-41688)/(-45))?
6
